{"id":1200,"date":"2025-02-18T08:47:03","date_gmt":"2025-02-18T07:47:03","guid":{"rendered":"http:\/\/sentidos.mittelerde.lan:8081\/?page_id=1200"},"modified":"2025-09-08T09:25:18","modified_gmt":"2025-09-08T07:25:18","slug":"versand","status":"publish","type":"page","link":"https:\/\/www.lichendorf.at\/hschwaiger\/?page_id=1200","title":{"rendered":"Versand"},"content":{"rendered":"\n<p>Standard-Liefer- und Versandkosten NUR innerhalb \u00d6sterreich *5,90 \u20ac<\/p>\n\n\n\n<p>Es ist auch m\u00f6glich, ins Ausland zu versenden, diesbez\u00fcglich bedarf es einer pers\u00f6nlichen Anfrage, um die Details zu kl\u00e4ren.<\/p>\n\n\n\n<p>*Je nach Gewicht, Gr\u00f6\u00dfe oder Eigenschaft der Produkte k\u00f6nnen h\u00f6here Kosten entstehen, diese werden Dir schriftlich mit Bestellannahme mitgeteilt. (Z.B. Gro\u00dfmengen oder leicht zerbrechliche Produkte)<\/p>\n\n\n\n<p><strong>Wann wird die Bestellung versandt?<\/strong><\/p>\n\n\n\n<p>Alle Produkte, die vorr\u00e4tig sind, werden innerhalb 1 bis 3 Werktagen nach Zahlungseingang mit der \u00f6sterreichischen Post oder mit DPD versendet.<\/p>\n\n\n\n<p>Bei Produkten, die f\u00fcr dich hergestellt und\/oder personalisiert werden, ist in der Regel eine Produktionszeit einzurechnen. Bei Seifen dauert dies dann inklusive Versand ca. 7 Wochen ab Bestellung. Bei Badezus\u00e4tzen sind die Zeiten wesentlich geringer und k\u00f6nnen oft schon nach 7 Tagen versendet werden. Die Information bekommst du auf der Produktseite, durch pers\u00f6nlichen Kontakt oder sp\u00e4testens mit der Bestellbest\u00e4tigung.<\/p>\n\n\n\n<p>Wenn das Paket das Haus verl\u00e4sst, bekommst du die Information per E-Mail.<\/p>\n\n\n\n<p>Wenn du eine besonders schnelle Lieferung ben\u00f6tigst, sag bitte Bescheid. Express-Sendungen sind mit Aufpreis m\u00f6glich.<\/p>\n\n\n\n<p><strong>Lieferdienst<\/strong><\/p>\n\n\n\n<p>Ich versende mit der \u00f6sterreichischen Post oder mit DPD.<\/p>\n\n\n\n<p><strong>Selber abholen:<\/strong><\/p>\n\n\n\n<p>Nach ausdr\u00fccklicher Terminvereinbarung kannst du deine Produkte selbst abholen, auch Zustellungen im n\u00e4heren Umkreis sind m\u00f6glich, frag diesbez\u00fcglich einfach nach.<\/p>\n","protected":false},"excerpt":{"rendered":"<p>Standard-Liefer- und Versandkosten NUR innerhalb \u00d6sterreich *5,90 \u20ac Es ist auch m\u00f6glich, ins Ausland zu versenden, diesbez\u00fcglich bedarf es einer pers\u00f6nlichen Anfrage, um die Details&hellip;<\/p>\n","protected":false},"author":1,"featured_media":0,"parent":0,"menu_order":0,"comment_status":"closed","ping_status":"closed","template":"","meta":{"footnotes":""},"class_list":["post-1200","page","type-page","status-publish","hentry"],"_links":{"self":[{"href":"https:\/\/www.lichendorf.at\/hschwaiger\/index.php?rest_route=\/wp\/v2\/pages\/1200","targetHints":{"allow":["GET"]}}],"collection":[{"href":"https:\/\/www.lichendorf.at\/hschwaiger\/index.php?rest_route=\/wp\/v2\/pages"}],"about":[{"href":"https:\/\/www.lichendorf.at\/hschwaiger\/index.php?rest_route=\/wp\/v2\/types\/page"}],"author":[{"embeddable":true,"href":"https:\/\/www.lichendorf.at\/hschwaiger\/index.php?rest_route=\/wp\/v2\/users\/1"}],"replies":[{"embeddable":true,"href":"https:\/\/www.lichendorf.at\/hschwaiger\/index.php?rest_route=%2Fwp%2Fv2%2Fcomments&post=1200"}],"version-history":[{"count":3,"href":"https:\/\/www.lichendorf.at\/hschwaiger\/index.php?rest_route=\/wp\/v2\/pages\/1200\/revisions"}],"predecessor-version":[{"id":2110,"href":"https:\/\/www.lichendorf.at\/hschwaiger\/index.php?rest_route=\/wp\/v2\/pages\/1200\/revisions\/2110"}],"wp:attachment":[{"href":"https:\/\/www.lichendorf.at\/hschwaiger\/index.php?rest_route=%2Fwp%2Fv2%2Fmedia&parent=1200"}],"curies":[{"name":"wp","href":"https:\/\/api.w.org\/{rel}","templated":true}]}}