{"id":1407,"date":"2025-02-20T13:08:28","date_gmt":"2025-02-20T12:08:28","guid":{"rendered":"http:\/\/sentidos.mittelerde.lan:8081\/?post_type=product&#038;p=1407"},"modified":"2025-09-30T11:11:21","modified_gmt":"2025-09-30T09:11:21","slug":"duschseife-sandelholz","status":"publish","type":"product","link":"https:\/\/www.lichendorf.at\/hschwaiger\/?product=duschseife-sandelholz","title":{"rendered":"Duschseife-Sandelholz"},"content":{"rendered":"<p data-start=\"128\" data-end=\"718\"><strong data-start=\"128\" data-end=\"143\">Sandelkraft<\/strong> ist eine edle Haar- und K\u00f6rperseife mit ausdrucksvollem Design: Hellbeige Grundton mit einem erdigen, braunen Mittelstrich \u2013 aufwendig gefertigt in drei Gie\u00dfschritten.<br data-start=\"311\" data-end=\"314\" \/>Ihre Rezeptur verbindet pflegende Pflanzen\u00f6le mit hochwertigen Zus\u00e4tzen: Oliven\u00f6l, Kokos\u00f6l, Hanf\u00f6l und Rizinus\u00f6l reinigen sanft, w\u00e4hrend Sheabutter und Kakaobutter die Haut geschmeidig halten. Aloe Vera und Seidenprotein schenken zus\u00e4tzliche Feuchtigkeit und ein angenehm glattes Hautgef\u00fchl. Braune Heilerde und Sandelholz\u00f6l runden die Rezeptur ab \u2013 f\u00fcr nat\u00fcrliche Frische und einen dezent warmen Duft.<\/p>\n<p data-start=\"720\" data-end=\"1088\"><strong data-start=\"720\" data-end=\"729\">INCI:<\/strong> Sodium Cocoate, Sodium Olivate, Urtica Urens Leaf Extract, Theobroma Cacao Seed Butter, Sodium Hydroxide, Sodium Castorate, Sodium Hemp Seedate, Sodium Shea Butterate, Citric Acid, Santalum Album Oil, Aloe Barbadensis Fresh Leaf Juice, Sucrose, CI 77891, D-Alpha-Tocopherol, Hydrolyzed Silk Protein, Illite, Farnesol*, (*aus hochwertigen \u00e4therischen \u00d6len)<\/p>\n<p>&nbsp;<\/p>\n<p>&nbsp;<\/p>\n","protected":false},"excerpt":{"rendered":"<p><strong data-start=\"1122\" data-end=\"1137\">Sandelkraft<\/strong> \u2013 Haar- &amp; K\u00f6rperseife mit Aloe Vera, Seidenprotein und Sandelholz\u00f6l.<br data-start=\"1206\" data-end=\"1209\" \/>Gewicht: 115 g \u2022 \u00dcberfettung: 8 %<\/p>\n","protected":false},"featured_media":2020,"comment_status":"open","ping_status":"closed","template":"","meta":[],"product_brand":[63],"product_cat":[53,98],"product_tag":[],"class_list":{"0":"post-1407","1":"product","2":"type-product","3":"status-publish","4":"has-post-thumbnail","6":"product_brand-h-schwaiger-naturseifen","7":"product_cat-naturseifen","8":"product_cat-premium-seifen","10":"first","11":"instock","12":"purchasable","13":"product-type-simple","14":"customify-col","15":"product-has-gallery"},"_links":{"self":[{"href":"https:\/\/www.lichendorf.at\/hschwaiger\/index.php?rest_route=\/wp\/v2\/product\/1407","targetHints":{"allow":["GET"]}}],"collection":[{"href":"https:\/\/www.lichendorf.at\/hschwaiger\/index.php?rest_route=\/wp\/v2\/product"}],"about":[{"href":"https:\/\/www.lichendorf.at\/hschwaiger\/index.php?rest_route=\/wp\/v2\/types\/product"}],"replies":[{"embeddable":true,"href":"https:\/\/www.lichendorf.at\/hschwaiger\/index.php?rest_route=%2Fwp%2Fv2%2Fcomments&post=1407"}],"wp:featuredmedia":[{"embeddable":true,"href":"https:\/\/www.lichendorf.at\/hschwaiger\/index.php?rest_route=\/wp\/v2\/media\/2020"}],"wp:attachment":[{"href":"https:\/\/www.lichendorf.at\/hschwaiger\/index.php?rest_route=%2Fwp%2Fv2%2Fmedia&parent=1407"}],"wp:term":[{"taxonomy":"product_brand","embeddable":true,"href":"https:\/\/www.lichendorf.at\/hschwaiger\/index.php?rest_route=%2Fwp%2Fv2%2Fproduct_brand&post=1407"},{"taxonomy":"product_cat","embeddable":true,"href":"https:\/\/www.lichendorf.at\/hschwaiger\/index.php?rest_route=%2Fwp%2Fv2%2Fproduct_cat&post=1407"},{"taxonomy":"product_tag","embeddable":true,"href":"https:\/\/www.lichendorf.at\/hschwaiger\/index.php?rest_route=%2Fwp%2Fv2%2Fproduct_tag&post=1407"}],"curies":[{"name":"wp","href":"https:\/\/api.w.org\/{rel}","templated":true}]}}